h. What are the prime factors of u?
13
List the prime factors of 0 + 0 - (-553 + 3).
2, 5, 11
Let p = -22 - -21. Let q(x) = 97*x**2 - 1. List the prime factors of q(p).
2, 3
Let h(x) = 14*x**3 + x - 1. Let p = 9 - -7. Let o = p + -15. What are the prime factors of h(o)?
2, 7
Suppose 4*v + 1012 = 4*q, -6*q + 9*q = -v + 779. Suppose z + q = 3*z. What are the prime factors of z?
3, 43
What are the prime factors of 10/235 - 4844303/(-799)?
3, 43, 47
Suppose 1444 = 3*z + z. List the prime factors of z.
19
Suppose 2*l + 13 = -5. Let t(r) = -18*r - 50. What are the prime factors of t(l)?
2, 7
Suppose -i + 31 = -0*i. What are the prime factors of i?
31
Suppose -147 = -47*l + 46*l. Let t = 214 - l. What are the prime factors of t?
67
Let x(n) = 85*n - 6. Let u be x(2). Let s = u - 90. List the prime factors of s.
2, 37
Suppose -51220 = -90*s - 14230. What are the prime factors of s?
3, 137
Let v(f) = -f**3 + 10*f**2 - 9*f - 1. Let d be v(9). Let k be 2/d + (7 - 2). Suppose -50 = -2*l - k*l. What are the prime factors of l?
2, 5
Let u(h) = 85*h**2 - 26*h + 7. List the prime factors of u(4).
3, 421
What are the prime factors of 4/((-336)/(-34364)) - 22/231?
409
Let k be 22/(-5) - 2/(-5). Suppose 0 = -5*p + 3*y + 69 - 11, p - 12 = y. Let d = k + p. What are the prime factors of d?
7
Let v(t) = t**2 + 16*t - 74. Let g be v(-26). Suppose g = 2*n + 3*s, n - 5*n + 5*s = -350. List the prime factors of n.
2, 3, 5
Suppose -5*g - 707 = 638. Let m = -161 - g. Suppose -m = -3*w + w. List the prime factors of w.
2, 3
Let z(y) = 6*y + 262. List the prime factors of z(26).
2, 11, 19
Let v(z) = -z**2 - 3*z + 1. Let o be v(-5). Let i = -7 - o. Suppose -i*t + 12 = t. What are the prime factors of t?
2
Suppose -11*p + 12*p = -2*z - 2, 2*p + 2 = -3*z. List the prime factors of p.
2
Suppose -5*i = -5*c + 3010, 3*c - 4*i = c + 1210. List the prime factors of c.
599
Suppose 0 = -18*k + 36*k - 14*k. What are the prime factors of 0/(-4 - k) - (-32 - -1)?
31
Let b(u) = -u**3 - 3*u**2 + u + 2. Let r be b(-5). Let j(x) = -24*x**2 + 2*x - 1. Let p be j(1). Let h = p + r. List the prime factors of h.
2, 3
List the prime factors of 10 + 1034/(-99) + (-36548)/(-18).
2, 5, 7, 29
Let n(b) = 135*b**3 + b**2 - 4*b + 2. Let r be n(1). Let q = -62 + r. List the prime factors of q.
2, 3
Suppose 1 = z - 46. Let t = -17 + z. List the prime factors of t.
2, 3, 5
Suppose 9*v = 777 + 168. List the prime factors of v.
3, 5, 7
Suppose w + 2*w - 36 = 0. Let z be w/54 - 7/(-9). Suppose -r + 38 = 5*p + z, 0 = -5*r - 15. List the prime factors of p.
2
Let a(g) = g**2 - g + 128. List the prime factors of a(38).
2, 13, 59
Suppose 5*j - 189 - 336 = 0. List the prime factors of (j/(-14))/((-1)/6).
3, 5
Let s(j) = 9*j**2 + 3*j + 0*j**3 + 5*j - 2*j - 7 - j**3. Let u be s(7). Suppose 5*i - u = 132. List the prime factors of i.
53
Let b(p) = 3*p. Let i be b(-5). List the prime factors of (100/i - -6)/((-2)/231).
7, 11
Let s(q) = -q**3 + 5*q**2 + 6*q - 4. Let j be s(5). Let u = j + 16. Let l = u + -29. What are the prime factors of l?
13
Suppose 1470 = 7*r - 812. What are the prime factors of r?
2, 163
Let v(a) = 4*a**2 + 3*a + 33. What are the prime factors of v(11)?
2, 5, 11
Suppose -3*m + 2597 = 5*o - 5*m, -2*o = -5*m - 1043. Suppose 9*n = 1191 + o. List the prime factors of n.
2, 5, 19
Suppose -12*j = -7*j - 2275. List the prime factors of j.
5, 7, 13
Suppose -3*i - 18 = -3*a, 5*a - i + 3*i = 2. Let o(h) = a*h - 1 + 2 + 7*h**2 - h. What are the prime factors of o(-1)?
7
Let v = 3767 + -665. What are the prime factors of v?
2, 3, 11, 47
Suppose 9 + 106 = 5*r. What are the prime factors of (-14 - -13)*r*-2?
2, 23
Suppose 3 = -p, -4*m - 5*p + 3 = 6. What are the prime factors of (-395)/(-9) + m/27?
2, 11
Suppose 0 = 4*d + 2*j - 7042, j + 760 + 993 = d. List the prime factors of d.
2, 3, 293
Suppose 0 = 8*n - 3137 + 1281. List the prime factors of n.
2, 29
Let t = -101 + 104. What are the prime factors of 1060/80 + t/4?
2, 7
Suppose 2*v = d - 9 + 1, -4*d = -3*v - 27. Suppose d*w - 9*w = -222. List the prime factors of w.
2, 37
Let u(l) = 3*l**3 - 3*l**2 + 2*l**2 + 3*l**3 - 3*l + 0*l**2 + 3. Let n be u(2). Suppose -3*i = 3*s - 186, s - n = -4*i + 24. List the prime factors of s.
61
Let x(c) = -122*c + 28. What are the prime factors of x(-13)?
2, 3, 269
Let j = -4 - -13. Let w(f) = -f**3 + 8*f**2 + 3*f - 3. Let o be w(j). Let r = o - -104. What are the prime factors of r?
47
Let u = -2077 - -4062. List the prime factors of u.
5, 397
Let y be 5*17*-8*(-6)/(-60). Let m = y - -127. What are the prime factors of m?
59
Suppose -7742 - 51418 = -20*x. List the prime factors of x.
2, 3, 17, 29
Let f(g) be the third derivative of g**4/24 + 29*g**3/6 - 4*g**2. List the prime factors of f(-15).
2, 7
Suppose 29010 - 7040 = 26*k. List the prime factors of k.
5, 13
Let v = -35 - -35. Suppose v*t + 9 = 3*t. Suppose -s = -t*o - 6*s + 241, -4*s = o - 92. What are the prime factors of o?
2, 3
Let f = -8 - -13. Suppose n = f*n - v + 85, -4*v - 60 = 4*n. Let q = -18 - n. List the prime factors of q.
2
Let f be -1368*(4 + (-2)/3). List the prime factors of ((-1)/2)/(12/f).
2, 5, 19
Suppose 0 = 7*f - 9*f + 826. List the prime factors of f.
7, 59
Let r be 44/3 - (-5)/(-15)*-4. List the prime factors of 280/r*14/5.
7
Let b(c) = -c**3 - 17*c**2 + 17*c - 7. Let m be b(-18). List the prime factors of 2/11 - (-801)/m.
73
Suppose 2*x = -x + 12. Suppose 41 = 4*i + 4*o - o, -x*i = -5*o - 17. List the prime factors of ((-42)/i)/(8/(-32)).
3, 7
Let o = 22 + 351. What are the prime factors of o?
373
Let b be 370/10 - 2/1. Suppose 2*l - 4 = -2*l, 2*l + b = c. What are the prime factors of c?
37
Let h be (-40)/6*(36/(-8) - -3). What are the prime factors of (-6)/h + 28288/130?
7, 31
Suppose -4*y = -3*k - 8, -3*y - 6 = -6*y - k. Suppose -y*g = 6*j - j - 717, 0 = -4*j + 2*g + 570. List the prime factors of j.
11, 13
Suppose -2*t = -k - 15 + 3, 4 = -k. Suppose -4*y = -3*w + 376 - 38, t*w = -3*y + 434. What are the prime factors of w?
2, 5, 11
Let r(n) = 8*n + 171. What are the prime factors of r(18)?
3, 5, 7
Suppose 35 + 13 = -2*h. Let v = 41 - h. What are the prime factors of v/3 + 2/(-3)?
3, 7
Let i(m) = -14*m + 7. Let c be i(-5). Suppose 2*l - c = -3*b, -2*l = 2*b - l - 53. What are the prime factors of b?
29
Suppose 25*f + 10 = 27*f. Suppose 2*l + f*y + 78 = 4*l, 0 = -l - 5*y + 9. List the prime factors of l.
29
What are the prime factors of 1135705/1379 - ((-3)/7 - -1)?
823
Suppose 5*v + 2*f = 658, -2*v - 50 = 4*f - 310. What are the prime factors of v?
2, 3, 11
Let b = 2009 + -1118. What are the prime factors of b?
3, 11
Let g be (9/((-54)/(-14)))/(1/12). Suppose 25*z - g = 23*z. List the prime factors of z.
2, 7
Let a(f) = -118*f + 0 + 8 + 117*f. Let l be a(-7). Suppose 3*z = -l, 0 = -4*y - 2*z + 21 + 37. What are the prime factors of y?
17
Let j = -50 + 508. What are the prime factors of j?
2, 229
Let v(r) = r - 1. Let h be v(13). What are the prime factors of 0 + 19*2 + -14 + h?
2, 3
Suppose 29*y - 42*y = -6409. List the prime factors of y.
17, 29
Let f be 164/14 + (-2)/(-7). Let q = f - 7. Suppose -2*j = -q*w - 5*j + 45, -4*j = 2*w - 32. List the prime factors of w.
2, 3
Let d(m) = 261*m**3 + 10*m**2 - 8*m - 1. List the prime factors of d(2).
2111
Let s = 108 + -41. Suppose 0 = -30*f + 31*f - s. List the prime factors of f.
67
Let b = 4020 + -1890. What are the prime factors of b?
2, 3, 5, 71
Suppose -w = o - 1432, 10*o + 2*w = 13*o - 4281. List the prime factors of o.
1429
Let m = 94 + 89. Let x = m + -108. List the prime factors of x.
3, 5
Suppose -3*p + 2915 - 79 = 4*a, a - 3*p = 709. What are the prime factors of a?
709
Let g = -12 + 0. Let x(r) = -r**2 - 11*r + 14. Let y be x(g). Suppose 0 = -5*s + 3*s + 4, -s = y*q - 6. What are the prime factors of q?
2
Let l(s) = -s**3 + 33*s**2 - 22*s - 75. What are the prime factors of l(28)?
3229
List the prime factors of 3548/10 - (-44)/220.
5, 71
Let u(i) = i**3 - 8*i**2 - 7*i + 6. Let f be u(9). Suppose -4*c = -3*t - 188, 0 = -2*c - t + 86 + 8. Let b = c - f. List the prime factors of b.
23
Let g = 86 + -75. Suppose 2*w - 196 = -v, -3*w = -g*v + 14*v - 585. List the prime factors of v.
2, 97
Let n = -11 - -368. What are the prime factors of n?
3, 7, 17
Suppose -21*n + 19*n = -b + 840, 0 =